{"id":30,"date":"2025-03-21T21:46:03","date_gmt":"2025-03-21T21:46:03","guid":{"rendered":"https:\/\/cafeinthalwil.ch\/?page_id=30"},"modified":"2026-04-12T16:13:39","modified_gmt":"2026-04-12T16:13:39","slug":"aktuell","status":"publish","type":"page","link":"https:\/\/cafeinthalwil.ch\/","title":{"rendered":"Aktuell"},"content":{"rendered":"\n<p><strong>Das Caf\u00e9 International<\/strong> ist fast jeden Donnerstag zwischen&nbsp;<strong>14:00 \u2013 16:30 Uhr&nbsp;<\/strong>offen.<br>An jenen Abenden, an denen der&nbsp;<a href=\"https:\/\/cafeinthalwil.ch\/wp-content\/uploads\/2025\/03\/Flyer-Front_2025.pdf\">Spielabend<\/a>&nbsp;oder eine andere Abendveranstaltung stattfindet (organisiert vom <strong>Caf\u00e9 International<\/strong> oder vom <a href=\"https:\/\/kultwerk-thalwil.ch\/\">Verein KulTWerk<\/a>), \u00f6ffnen wir&nbsp;<strong>um 18:30 Uhr&nbsp;<\/strong>erneut unsere Tore und sind&nbsp;<strong>bis 22:00 Uhr<\/strong>&nbsp;gerne f\u00fcr Sie da.<\/p>\n\n\n\n<p>&#8212;&#8212;&#8212;&#8212;&#8212;&#8212;&#8212;&#8212;&#8212;&#8212;&#8212;&#8212;&#8212;&#8212;&#8212;&#8212;&#8212;&#8212;&#8212;&#8212;&#8212;&#8212;&#8212;&#8212;&#8212;&#8212;&#8212;&#8211;<br><strong>Moderierter Deutsch-Konversationstisch:<\/strong> <strong>14:00 -15:30 Uhr.<\/strong><br>Ohne Anmeldung.<br>Herzliche Einladung an alle!<br>&#8212;&#8212;&#8212;&#8212;&#8212;&#8212;&#8212;&#8212;&#8212;&#8212;&#8212;&#8212;&#8212;&#8212;&#8212;&#8212;&#8212;&#8212;&#8212;&#8212;&#8212;&#8212;&#8212;&#8212;&#8212;&#8212;&#8212;&#8211;<\/p>\n\n\n\n<h3 class=\"wp-block-heading\"><\/h3>\n\n\n\n<h2 class=\"wp-block-heading\">Veranstaltungen<\/h2>\n\n\n\n<p><strong>Donnerstag, 16.\u00a0<strong><strong>April<\/strong><\/strong>\u00a02026<\/strong><br>Das Caf\u00e9 International schliesst um 16.30 Uhr.<\/p>\n\n\n\n<p><strong>Donnerstag, 23.\u00a0<strong><strong>April <\/strong><\/strong>2026, 20:00 Uhr<\/strong><br><a href=\"https:\/\/kultwerk-thalwil.ch\/matidaras\/\" target=\"_blank\" rel=\"noreferrer noopener\">Verein KulTWerk<\/a>:\u00a0Konzert \u201eTWO FOR TEA\u201c &#8211; Gypsy Jazz<\/p>\n\n\n\n<p><strong>Donnerstag, 30.\u00a0<strong><strong>April<\/strong><\/strong>\u00a02026<\/strong><br>Das Caf\u00e9 International schliesst um 16.30 Uhr.<\/p>\n\n\n\n<p><strong>Donnerstag, 7.\u00a0<strong><strong>Mai <\/strong><\/strong>2026<\/strong><br><a href=\"https:\/\/cafeinthalwil.ch\/wp-content\/uploads\/2025\/03\/Flyer-Front_2025.pdf\" target=\"_blank\" rel=\"noreferrer noopener\">\u201eSpielabend mit Roli Baumgartner\u201c<\/a><br>jeden 1. Donnerstag im Monat<\/p>\n\n\n\n<div class=\"wp-block-group is-vertical is-layout-flex wp-container-core-group-is-layout-1 wp-block-group-is-layout-flex\">\n<p>==================================================<\/p>\n\n\n\n<h2 class=\"wp-block-heading\">N\u00e4chste Veranstaltungen<\/h2>\n<\/div>\n\n\n\n<p><strong>Donnerstag, 14.&nbsp;Mai 2026<\/strong><br>Auffahrt, Feiertag<br>Das Caf\u00e9 International bleibt geschlossen.<\/p>\n\n\n\n<p><strong>Donnerstag, 21.&nbsp;Ma<strong><strong>i<\/strong><\/strong>&nbsp;2026<\/strong><br>Das Caf\u00e9 International schliesst um 16.30 Uhr.<\/p>\n\n\n\n<p><strong>Donnerstag, 28.&nbsp;Ma<strong><strong>i <\/strong><\/strong>2026, <strong>18:30 bis 19:30 Uhr<\/strong><\/strong><br><a href=\"https:\/\/kultwerk-thalwil.ch\/matidaras\/\" target=\"_blank\" rel=\"noreferrer noopener\">Verein KulTWerk<\/a>:&nbsp;Konzert Yulianna Khomenko \u201eAp\u00e9ro Konzert\u201c<\/p>\n\n\n\n<p><\/p>\n\n\n\n<p>==================================================<\/p>\n\n\n\n<p><strong>VORSCHAU<\/strong><\/p>\n\n\n\n<p><strong>Donnerstag, 11.&nbsp;<strong>Juni<\/strong>&nbsp;2026, 19.30 Uhr<\/strong><br>offene Probe mit dem Gospelchor. Vor dem und im CI.<\/p>\n\n\n\n<p><strong>Donnerstag, 25.&nbsp;Jun<strong><strong>i <\/strong><\/strong>2026, <strong><strong>20:00 Uhr<\/strong><\/strong><\/strong><br><a href=\"https:\/\/kultwerk-thalwil.ch\/matidaras\/\" target=\"_blank\" rel=\"noreferrer noopener\">Verein KulTWerk<\/a>:&nbsp;Konzert Pascal Gamboni <\/p>\n\n\n\n<p>==================================================<\/p>\n\n\n\n<p><\/p>\n\n\n\n<p><\/p>\n\n\n\n<p><strong><em>Das Caf\u00e9 International l\u00e4dt ein:<\/em><\/strong><\/p>\n\n\n\n<h3 class=\"wp-block-heading\">moderierter Deutsch-Konversationstisch<\/h3>\n\n\n\n<p>Der moderierte Konversationstisch&nbsp;<strong>findet zwischen 14:00 Uhr und 15:30 Uhr statt.<\/strong><\/p>\n\n\n\n<h3 class=\"wp-block-heading\">Spielabend mit Roli Baumgartner<\/h3>\n\n\n\n<p>jeden 1. Donnerstag im Monat ab 19:30 Uhr<\/p>\n\n\n\n<p><em>Mit Unterst\u00fctzung von: Politischer Gemeinde, \u00d6kumene und Integrationsf\u00f6rderung des Kt. ZH<\/em><\/p>\n","protected":false},"excerpt":{"rendered":"<p>Das Caf\u00e9 International ist fast jeden Donnerstag zwischen&nbsp;14:00 \u2013 16:30 Uhr&nbsp;offen.An jenen Abenden, an denen der&nbsp;Spielabend&nbsp;oder eine andere Abendveranstaltung stattfindet (organisiert vom Caf\u00e9 International oder vom Verein KulTWerk), \u00f6ffnen wir&nbsp;um 18:30 Uhr&nbsp;erneut unsere Tore und sind&nbsp;bis 22:00 Uhr&nbsp;gerne f\u00fcr Sie &hellip; <a href=\"https:\/\/cafeinthalwil.ch\/\">Weiterlesen <span class=\"meta-nav\">&rarr;<\/span><\/a><\/p>\n","protected":false},"author":1,"featured_media":0,"parent":0,"menu_order":1,"comment_status":"closed","ping_status":"closed","template":"","meta":{"footnotes":""},"class_list":["post-30","page","type-page","status-publish","hentry"],"_links":{"self":[{"href":"https:\/\/cafeinthalwil.ch\/index.php?rest_route=\/wp\/v2\/pages\/30","targetHints":{"allow":["GET"]}}],"collection":[{"href":"https:\/\/cafeinthalwil.ch\/index.php?rest_route=\/wp\/v2\/pages"}],"about":[{"href":"https:\/\/cafeinthalwil.ch\/index.php?rest_route=\/wp\/v2\/types\/page"}],"author":[{"embeddable":true,"href":"https:\/\/cafeinthalwil.ch\/index.php?rest_route=\/wp\/v2\/users\/1"}],"replies":[{"embeddable":true,"href":"https:\/\/cafeinthalwil.ch\/index.php?rest_route=%2Fwp%2Fv2%2Fcomments&post=30"}],"version-history":[{"count":116,"href":"https:\/\/cafeinthalwil.ch\/index.php?rest_route=\/wp\/v2\/pages\/30\/revisions"}],"predecessor-version":[{"id":365,"href":"https:\/\/cafeinthalwil.ch\/index.php?rest_route=\/wp\/v2\/pages\/30\/revisions\/365"}],"wp:attachment":[{"href":"https:\/\/cafeinthalwil.ch\/index.php?rest_route=%2Fwp%2Fv2%2Fmedia&parent=30"}],"curies":[{"name":"wp","href":"https:\/\/api.w.org\/{rel}","templated":true}]}}

<p><strong>Das Café International</strong> ist fast jeden Donnerstag zwischen&nbsp;<strong>14:00 – 16:30 Uhr&nbsp;</strong>offen.<br>An jenen Abenden, an denen der&nbsp;<a href="https://cafeinthalwil.ch/wp-content/uploads/2025/03/Flyer-Front_2025.pdf">Spielabend</a>&nbsp;oder eine andere Abendveranstaltung stattfindet (organisiert vom <strong>Café International</strong> oder vom <a href="https://kultwerk-thalwil.ch/">Verein KulTWerk</a>), öffnen wir&nbsp;<strong>um 18:30 Uhr&nbsp;</strong>erneut unsere Tore und sind&nbsp;<strong>bis 22:00 Uhr</strong>&nbsp;gerne für Sie da.</p>



<p>&#8212;&#8212;&#8212;&#8212;&#8212;&#8212;&#8212;&#8212;&#8212;&#8212;&#8212;&#8212;&#8212;&#8212;&#8212;&#8212;&#8212;&#8212;&#8212;&#8212;&#8212;&#8212;&#8212;&#8212;&#8212;&#8212;&#8212;&#8211;<br><strong>Moderierter Deutsch-Konversationstisch:</strong> <strong>14:00 -15:30 Uhr.</strong><br>Ohne Anmeldung.<br>Herzliche Einladung an alle!<br>&#8212;&#8212;&#8212;&#8212;&#8212;&#8212;&#8212;&#8212;&#8212;&#8212;&#8212;&#8212;&#8212;&#8212;&#8212;&#8212;&#8212;&#8212;&#8212;&#8212;&#8212;&#8212;&#8212;&#8212;&#8212;&#8212;&#8212;&#8211;</p>



<h3 class="wp-block-heading"></h3>



<h2 class="wp-block-heading">Veranstaltungen</h2>



<p><strong>Donnerstag, 16. <strong><strong>April</strong></strong> 2026</strong><br>Das Café International schliesst um 16.30 Uhr.</p>



<p><strong>Donnerstag, 23. <strong><strong>April </strong></strong>2026, 20:00 Uhr</strong><br><a href="https://kultwerk-thalwil.ch/matidaras/" target="_blank" rel="noreferrer noopener">Verein KulTWerk</a>: Konzert „TWO FOR TEA“ &#8211; Gypsy Jazz</p>



<p><strong>Donnerstag, 30. <strong><strong>April</strong></strong> 2026</strong><br>Das Café International schliesst um 16.30 Uhr.</p>



<p><strong>Donnerstag, 7. <strong><strong>Mai </strong></strong>2026</strong><br><a href="https://cafeinthalwil.ch/wp-content/uploads/2025/03/Flyer-Front_2025.pdf" target="_blank" rel="noreferrer noopener">„Spielabend mit Roli Baumgartner“</a><br>jeden 1. Donnerstag im Monat</p>



<div class="wp-block-group is-vertical is-layout-flex wp-container-core-group-is-layout-1 wp-block-group-is-layout-flex">
<p>==================================================</p>



<h2 class="wp-block-heading">Nächste Veranstaltungen</h2>
</div>



<p><strong>Donnerstag, 14.&nbsp;Mai 2026</strong><br>Auffahrt, Feiertag<br>Das Café International bleibt geschlossen.</p>



<p><strong>Donnerstag, 21.&nbsp;Ma<strong><strong>i</strong></strong>&nbsp;2026</strong><br>Das Café International schliesst um 16.30 Uhr.</p>



<p><strong>Donnerstag, 28.&nbsp;Ma<strong><strong>i </strong></strong>2026, <strong>18:30 bis 19:30 Uhr</strong></strong><br><a href="https://kultwerk-thalwil.ch/matidaras/" target="_blank" rel="noreferrer noopener">Verein KulTWerk</a>:&nbsp;Konzert Yulianna Khomenko „Apéro Konzert“</p>



<p></p>



<p>==================================================</p>



<p><strong>VORSCHAU</strong></p>



<p><strong>Donnerstag, 11.&nbsp;<strong>Juni</strong>&nbsp;2026, 19.30 Uhr</strong><br>offene Probe mit dem Gospelchor. Vor dem und im CI.</p>



<p><strong>Donnerstag, 25.&nbsp;Jun<strong><strong>i </strong></strong>2026, <strong><strong>20:00 Uhr</strong></strong></strong><br><a href="https://kultwerk-thalwil.ch/matidaras/" target="_blank" rel="noreferrer noopener">Verein KulTWerk</a>:&nbsp;Konzert Pascal Gamboni </p>



<p>==================================================</p>



<p></p>



<p></p>



<p><strong><em>Das Café International lädt ein:</em></strong></p>



<h3 class="wp-block-heading">moderierter Deutsch-Konversationstisch</h3>



<p>Der moderierte Konversationstisch&nbsp;<strong>findet zwischen 14:00 Uhr und 15:30 Uhr statt.</strong></p>



<h3 class="wp-block-heading">Spielabend mit Roli Baumgartner</h3>



<p>jeden 1. Donnerstag im Monat ab 19:30 Uhr</p>



<p><em>Mit Unterstützung von: Politischer Gemeinde, Ökumene und Integrationsförderung des Kt. ZH</em></p>

<p>Das Café International ist fast jeden Donnerstag zwischen&nbsp;14:00 – 16:30 Uhr&nbsp;offen.An jenen Abenden, an denen der&nbsp;Spielabend&nbsp;oder eine andere Abendveranstaltung stattfindet (organisiert vom Café International oder vom Verein KulTWerk), öffnen wir&nbsp;um 18:30 Uhr&nbsp;erneut unsere Tore und sind&nbsp;bis 22:00 Uhr&nbsp;gerne für Sie &hellip; <a href="https://cafeinthalwil.ch/">Weiterlesen <span class="meta-nav">&rarr;</span></a></p>
